{"id":159,"date":"2024-05-22T12:22:25","date_gmt":"2024-05-22T12:22:25","guid":{"rendered":"https:\/\/localhost\/wordpress\/?page_id=159"},"modified":"2024-05-22T12:24:32","modified_gmt":"2024-05-22T12:24:32","slug":"kohvitantad","status":"publish","type":"page","link":"https:\/\/tantsumajakas.ee\/?page_id=159","title":{"rendered":"Kohvitantad"},"content":{"rendered":"\n<p class=\"has-medium-font-size\">Liikumine on tervise ja ilu pant- \u00fctleb vanas\u00f5na.<\/p>\n\n\n\n<p class=\"has-medium-font-size\">Kui oled pika elu jooksul olnud krapsakas ja tantsuhuviline, siis pensionieas on sobiv seltsida \u201eKOHVITANTADE\u201c tantsumemmedega. \u201eTuljak\u201c ja \u201eViiretakka\u201c ei ole enam j\u00f5ukohased, aga on palju teisi rahva- ja seltskonnatantse, mida tantsime nii enda kui publiku r\u00f5\u00f5muks.<\/p>\n\n\n\n<p class=\"has-medium-font-size\">Oleme korduvalt osalenud rahvusvahelisel seenioritantsufestivalidel.<\/p>\n\n\n\n<p class=\"has-medium-font-size\">2011 ja 2016 &#8211; v\u00f5tsime tantsijatena osa J\u00f5geval Eesti I ja II Naiste Tantsupeost.<\/p>\n\n\n\n<p class=\"has-medium-font-size\">2012 &#8211; k\u00fclastasime s\u00f5pru L\u00e4timaal, esindasime K\u00e4rdlat s\u00f5pruslinnas Sillam\u00e4el ja tantsisime koos P\u00f5lvamaa tantsurahvaga Savernas ja Moostes.<\/p>\n\n\n\n<p class=\"has-medium-font-size\">2013 &#8211; k\u00e4isime P\u00f5lvamaal tantsufestivalil &#8220;Tants meid \u00fchendab&#8221; ja korraldasime ise rahvusvahelise seeniortantsufestivali, kus osalejaid 182 v\u00e4\u00e4rikas eas tantsijat nii siit kui sealtpool vett, lisaks L\u00e4tist Salduse linnast.<\/p>\n\n\n\n<p class=\"has-medium-font-size\">2014 &#8211; esindasime Eestit Leedus, Klaipeda MEREP\u00c4EVADEL ja Hiiumaad Tallinnas Eakate festivalil.<\/p>\n\n\n\n<p class=\"has-medium-font-size\">2015- pidasime oma 15.-ndat s\u00fcnnip\u00e4eva. Esindasime kodusaart L\u00e4tis Kandavas &#8220;Tammet\u00f5ru k\u00fcbara&#8221; festivalil ja viisime Hiiumaal ise l\u00e4bi rahvusvahelise seenioritantsufestivali &#8220;H\u00f5bedane s\u00f5prussild&#8221;<\/p>\n\n\n\n<p class=\"has-medium-font-size\">2016 &#8211; panime kokku mitu tantsuajaloo t\u00f6\u00f6tuba, mis aitavad p\u00e4randada kultuuriloolisi teadmisi noortele ja lastele; esinesime 1. mail K\u00e4rdla p\u00e4eval<\/p>\n\n\n\n<p class=\"has-medium-font-size\">2017 &#8211; salvestasime Hiiumaa Muuseumi tarbeks hulgaliselt oma tantsurepertuaari.<\/p>\n\n\n\n<p class=\"has-medium-font-size\">2018 &#8211; oleme kontsertprogrammiga k\u00fclastanud s\u00f5pru Rakveres, Imaveres, L\u00e4timaal Siguldas.<\/p>\n\n\n\n<p class=\"has-medium-font-size\">2020 &#8211; 11.veebruaril t\u00e4histasime oma r\u00fchma 20. s\u00fcnnip\u00e4eva K\u00e4ina, K\u00f5rgessaare ja Haapsalu s\u00f5pradega<\/p>\n\n\n\n<p class=\"has-medium-font-size\">2020 &#8211; septembris k\u00e4isime k\u00fclas Saaremaal<\/p>\n\n\n\n<p class=\"has-medium-font-size\">2021 &#8211; V\u00f5tsime vastu tantsur\u00fchma Kanarbiku\u00f5ied ja esinesime koos Mihkli talumuuseumi \u00f5uel.<\/p>\n\n\n\n<p class=\"has-medium-font-size\">2021 &#8211; detsembris esinesime K\u00e4rdlas Hiiumaa j\u00f5uluturul.<\/p>\n\n\n\n<p><\/p>\n","protected":false},"excerpt":{"rendered":"<p>Liikumine on tervise ja ilu pant- \u00fctleb vanas\u00f5na. Kui oled pika elu jooksul olnud krapsakas ja tantsuhuviline, siis pensionieas on sobiv seltsida \u201eKOHVITANTADE\u201c tantsumemmedega. \u201eTuljak\u201c ja \u201eViiretakka\u201c ei ole enam j\u00f5ukohased, aga on palju teisi rahva- ja seltskonnatantse, mida tantsime nii enda kui publiku r\u00f5\u00f5muks. Oleme korduvalt osalenud rahvusvahelisel seenioritantsufestivalidel. 2011 ja 2016 &#8211; v\u00f5tsime [&hellip;]<\/p>\n","protected":false},"author":1,"featured_media":0,"parent":0,"menu_order":0,"comment_status":"closed","ping_status":"closed","template":"","meta":{"footnotes":""},"class_list":["post-159","page","type-page","status-publish","hentry"],"_links":{"self":[{"href":"https:\/\/tantsumajakas.ee\/index.php?rest_route=\/wp\/v2\/pages\/159","targetHints":{"allow":["GET"]}}],"collection":[{"href":"https:\/\/tantsumajakas.ee\/index.php?rest_route=\/wp\/v2\/pages"}],"about":[{"href":"https:\/\/tantsumajakas.ee\/index.php?rest_route=\/wp\/v2\/types\/page"}],"author":[{"embeddable":true,"href":"https:\/\/tantsumajakas.ee\/index.php?rest_route=\/wp\/v2\/users\/1"}],"replies":[{"embeddable":true,"href":"https:\/\/tantsumajakas.ee\/index.php?rest_route=%2Fwp%2Fv2%2Fcomments&post=159"}],"version-history":[{"count":2,"href":"https:\/\/tantsumajakas.ee\/index.php?rest_route=\/wp\/v2\/pages\/159\/revisions"}],"predecessor-version":[{"id":163,"href":"https:\/\/tantsumajakas.ee\/index.php?rest_route=\/wp\/v2\/pages\/159\/revisions\/163"}],"wp:attachment":[{"href":"https:\/\/tantsumajakas.ee\/index.php?rest_route=%2Fwp%2Fv2%2Fmedia&parent=159"}],"curies":[{"name":"wp","href":"https:\/\/api.w.org\/{rel}","templated":true}]}}